45649.
181, 28429
List the prime factors of 1755384323.
7, 11, 541, 42139
List the prime factors of 110490435.
3, 5, 11, 29, 43, 179
What are the prime factors of 31916705?
5, 6383341
What are the prime factors of 3820499873?
911, 4193743
List the prime factors of 721360010.
2, 5, 7, 613, 16811
What are the prime factors of 2276242390?
2, 5, 1123, 202693
List the prime factors of 2501886977.
2501886977
What are the prime factors of 355312867?
7, 13, 107, 401
What are the prime factors of 54016839?
3, 2237, 2683
What are the prime factors of 55047899?
55047899
What are the prime factors of 334065818?
2, 167032909
What are the prime factors of 31285286?
2, 19, 139, 5923
What are the prime factors of 112629914?
2, 56314957
What are the prime factors of 461410478?
2, 19, 12142381
List the prime factors of 60116766.
2, 3, 2027, 4943
List the prime factors of 6412381257.
3, 79, 127, 213043
What are the prime factors of 150904995?
3, 5, 271, 37123
What are the prime factors of 68912258?
2, 34456129
List the prime factors of 1276215384.
2, 3, 53175641
List the prime factors of 61585078.
2, 1987, 15497
List the prime factors of 164602379.
164602379
What are the prime factors of 1339203526?
2, 17, 421, 93559
List the prime factors of 5741611709.
103, 2237, 24919
What are the prime factors of 26185697?
26185697
List the prime factors of 76144724.
2, 19036181
What are the prime factors of 1077681285?
3, 5, 1367, 17519
What are the prime factors of 4707012363?
3, 149, 10530229
List the prime factors of 43012757.
43012757
What are the prime factors of 6783387728?
2, 13, 4003, 8147
What are the prime factors of 39651821?
11, 31
List the prime factors of 215807782.
2, 107903891
What are the prime factors of 934340147?
13, 239, 300721
List the prime factors of 160843155.
3, 5, 11, 139, 7013
List the prime factors of 74249484.
2, 3, 6187457
What are the prime factors of 559392422?
2, 53, 1451, 3637
List the prime factors of 43755400.
2, 5, 13, 16829
List the prime factors of 2201526199.
2201526199
What are the prime factors of 55633262?
2, 1483, 18757
What are the prime factors of 85748698?
2, 7, 6124907
What are the prime factors of 2542917636?
2, 3, 7, 10090943
What are the prime factors of 3223625721?
3, 577, 599, 3109
What are the prime factors of 36639053?
11, 43, 71, 1091
List the prime factors of 71515216.
2, 983, 4547
List the prime factors of 4113632813.
4093, 1005041
What are the prime factors of 35951582?
2, 17975791
What are the prime factors of 5260312304?
2, 13, 2693, 9391
What are the prime factors of 48077163?
3, 19, 281153
List the prime factors of 386521374.
2, 3, 311, 207139
What are the prime factors of 39155402?
2, 11, 13, 79, 1733
What are the prime factors of 533322666?
2, 3, 19, 23, 67801
List the prime factors of 165317427.
3, 11, 1669873
What are the prime factors of 1003045752?
2, 3, 13931191
List the prime factors of 47852714.
2, 7, 13, 37561
List the prime factors of 163118881.
29, 5624789
List the prime factors of 741038028.
2, 3, 61753169
What are the prime factors of 57919926?
2, 3, 1289, 7489
List the prime factors of 949561897.
949561897
List the prime factors of 250527213.
3, 31, 897947
List the prime factors of 2743548299.
2729, 1005331
What are the prime factors of 57631283?
57631283
What are the prime factors of 1781067?
3, 593689
List the prime factors of 1212196193.
13, 31, 263, 11437
What are the prime factors of 180414467?
180414467
What are the prime factors of 4934150704?
2, 7, 419, 105143
What are the prime factors of 29201958?
2, 3, 180259
What are the prime factors of 1465432729?
24671, 59399
List the prime factors of 145081678.
2, 7, 1579, 6563
What are the prime factors of 42213817?
3461, 12197
List the prime factors of 787398635.
5, 463, 340129
What are the prime factors of 214885876?
2, 53721469
What are the prime factors of 50424994?
2, 3851, 6547
List the prime factors of 169782795.
3, 5, 7, 13, 5923
What are the prime factors of 802892757?
3, 191, 443, 3163
List the prime factors of 234542012.
2, 58635503
List the prime factors of 114096655.
5, 1367, 16693
What are the prime factors of 732420128?
2, 11, 997, 2087
What are the prime factors of 49056336?
2, 3, 7, 41, 1187
List the prime factors of 641973543.
3, 83, 2578207
What are the prime factors of 45754270?
2, 5, 61, 107, 701
List the prime factors of 1137596168.
2, 41, 3468281
What are the prime factors of 6009529615?
5, 653, 1840591
What are the prime factors of 2676615?
3, 5, 178441
List the prime factors of 378864022.
2, 189432011
List the prime factors of 46675346.
2, 449, 51977
What are the prime factors of 1675025804?
2, 418756451
List the prime factors of 20392017.
3, 29, 31, 7561
List the prime factors of 99032049.
3, 2543, 4327
What are the prime factors of 5763985475?
5, 230559419
What are the prime factors of 42859663?
7, 11, 131, 607
What are the prime factors of 304984267?
7, 17, 1063, 2411
List the prime factors of 4068902913.
3, 29, 37, 1264027
List the prime factors of 27945566.
2, 11, 67, 18959
List the prime factors of 3017692363.
7, 139, 1499, 2069
List the prime factors of 52955477.
41, 107, 12071
What are the prime factors of 3190787307?
3, 17, 467, 44657
List the prime factors of 5970164388.
2, 3, 31, 1321, 12149
List the prime factors of 726615257.
137, 5303761
List the prime factors of 8184468.
2, 3, 73, 9343
List the prime factors of 1416031989.
3, 472010663
What are the prime factors of 812948195?
5, 162589639
What are the prime factors of 622910504?
2, 137, 568349
List the prime factors of 6571488066.
2, 3, 11, 13, 31, 247067
List the prime factors of 353923668.
2, 3, 7, 2477
List the prime factors of 3964332971.
36571, 108401
List the prime factors of 3229904283.
3, 23, 46810207
List the prime factors of 3340217747.
3340217747
What are the prime factors of 3788428444?
2, 17, 55712183
What are the prime factors of 841185463?
23, 953, 38377
What are the prime factors of 8910773?
8910773
What are the prime factors of 47060003?
47060003
What are the prime factors of 161198768?
2, 10074923
List the prime factors of 71343095.
5, 59, 4099
What are the prime factors of 681744977?
727, 937751
What are the prime factors of 2820144?
2, 3, 41, 1433
List the prime factors of 9479914421.
31, 197, 223, 6961
List the prime factors of 113289826.
2, 13, 571, 587
List the prime factors of 236150957.
7, 331, 101921
List the prime factors of 64923001.
11, 13, 191, 2377
What are the prime factors of 1211119625?
5, 23, 31, 107, 127
List the prime factors of 4153045014.
2, 3, 31, 2480911
What are the prime factors of 26593905?
3, 5, 13, 136379
List the prime factors of 768476189.
13, 59113553
List the prime factors of 15740100.
2, 3, 5, 17489
List the prime factors of 59633272.
2, 97, 76847
What are the prime factors of 175017196?
2, 31, 1411429
List the prime factors of 123220625.
5, 11, 17923
List the prime factors of 3773594539.
11, 13, 2897, 9109
What are the prime factors of 13960138?
2, 6980069
What are the prime factors of 1781829473?
677, 2631949
List the prime factors of 2702296.
2, 151, 2237
List the prime factors of 589204296.
2, 3, 109, 193, 389
List the prime factors of 159148106.
2, 13, 1543, 3967
List the prime factors of 87324627.
3, 13, 19, 191, 617
What are the prime factors of 3479037254?
2, 7, 11, 757, 2713
What are the prime factors of 4825295520?
2, 3, 5, 163, 61673
List the prime factors of 62329189.
13, 31, 211, 733
List the prime factors of 120658831.
491, 245741
List the prime factors of 34994614.
2, 431, 40597
List the prime factors of 492771130.
2, 5, 49277113
List the prime factors of 1200780054.
2, 3, 313, 213131
What are the prime factors of 546736957?
13, 157, 267877
List the prime factors of 4560313911.
3, 607, 2504291
List the prime factors of 1440809581.
29, 47, 1057087
List the prime factors of 1146439804.
2, 211, 839, 1619
List the prime factors of 1906662975.
3, 5, 7, 41, 283, 313
What are the prime factors of 1009568730?
2, 3, 5, 67, 101, 4973
What are the prime factors of 1614394447?
8783, 183809
What are the prime factors of 168535774?
2, 11, 7660717
List the prime factors of 108093432.
2, 3, 19, 101, 2347
List the prime factors of 685191437.
7, 97884491
What are the prime factors of 146001988?
2, 11, 301